{"id":664,"date":"2023-11-12T15:09:38","date_gmt":"2023-11-12T15:09:38","guid":{"rendered":"https:\/\/artyourlove.de\/?page_id=664"},"modified":"2024-09-21T18:04:57","modified_gmt":"2024-09-21T18:04:57","slug":"versandarten","status":"publish","type":"page","link":"https:\/\/artyourlove.de\/?page_id=664","title":{"rendered":"Versandarten"},"content":{"rendered":"\n<p>In der Regel versenden wir unsere Pakete mit Hermes.<\/p>\n\n\n\n<p>Ausnahme Situationen k\u00f6nnten dazu f\u00fchren, ein anderes Unternehmen zu w\u00e4hlen.<\/p>\n\n\n\n<p>Aber die pers\u00f6nliche Erfahrung zwingt uns, weiterhin in Hermes zu vertrauen.<\/p>\n","protected":false},"excerpt":{"rendered":"<p>In der Regel versenden wir unsere Pakete mit Hermes. Ausnahme Situationen k\u00f6nnten dazu f\u00fchren, ein anderes Unternehmen zu w\u00e4hlen. Aber die pers\u00f6nliche Erfahrung zwingt uns, weiterhin in Hermes zu vertrauen.<\/p>\n","protected":false},"author":1,"featured_media":0,"parent":0,"menu_order":0,"comment_status":"closed","ping_status":"closed","template":"","meta":{"footnotes":""},"class_list":["post-664","page","type-page","status-publish","hentry"],"jetpack_sharing_enabled":true,"_links":{"self":[{"href":"https:\/\/artyourlove.de\/index.php?rest_route=\/wp\/v2\/pages\/664","targetHints":{"allow":["GET"]}}],"collection":[{"href":"https:\/\/artyourlove.de\/index.php?rest_route=\/wp\/v2\/pages"}],"about":[{"href":"https:\/\/artyourlove.de\/index.php?rest_route=\/wp\/v2\/types\/page"}],"author":[{"embeddable":true,"href":"https:\/\/artyourlove.de\/index.php?rest_route=\/wp\/v2\/users\/1"}],"replies":[{"embeddable":true,"href":"https:\/\/artyourlove.de\/index.php?rest_route=%2Fwp%2Fv2%2Fcomments&post=664"}],"version-history":[{"count":3,"href":"https:\/\/artyourlove.de\/index.php?rest_route=\/wp\/v2\/pages\/664\/revisions"}],"predecessor-version":[{"id":1262,"href":"https:\/\/artyourlove.de\/index.php?rest_route=\/wp\/v2\/pages\/664\/revisions\/1262"}],"wp:attachment":[{"href":"https:\/\/artyourlove.de\/index.php?rest_route=%2Fwp%2Fv2%2Fmedia&parent=664"}],"curies":[{"name":"wp","href":"https:\/\/api.w.org\/{rel}","templated":true}]}}